32 a factor of 734182?
False
Does 51 divide 53091?
True
Is 1552122 a multiple of 603?
True
Is 86535 a multiple of 15?
True
Is 93 a factor of 85467?
True
Is 1506846 a multiple of 22?
True
Does 449 divide 6172781?
False
Does 18 divide 478815?
False
Does 20 divide 291920?
True
Is 11 a factor of 624382?
True
Is 349 a factor of 394355?
False
Is 98 a factor of 73598?
True
Does 200 divide 268700?
False
Is 15 a factor of 238905?
True
Does 754 divide 527046?
True
Does 83 divide 71629?
True
Does 414 divide 44298?
True
Is 578542 a multiple of 29?
False
Is 165 a factor of 260028?
False
Is 19 a factor of 687456?
False
Is 219 a factor of 1324293?
True
Is 5807178 a multiple of 1079?
True
Is 49 a factor of 32634?
True
Is 5465108 a multiple of 11?
True
Is 65 a factor of 5094601?
False
Is 246056 even?
True
Is 348580 a multiple of 601?
True
Does 32 divide 3512048?
False
Does 29 divide 5104?
True
Is 5 a factor of 368099?
False
Is 23099150 a multiple of 293?
False
Does 14 divide 6961054?
False
Is 364 a factor of 3883516?
True
Does 25 divide 1679325?
True
Is 126288 a multiple of 4?
True
Is 52 a factor of 2795438?
False
Is 366928 a multiple of 117?
False
Is 22459107 a multiple of 11?
True
Does 2 divide 18089?
False
Is 9 a factor of 2242227?
False
Is 754887 a multiple of 267?
False
Is 282795 a multiple of 104?
False
Is 145 a factor of 9459588?
False
Is 1320754 even?
True
Does 9 divide 20772?
True
Does 11 divide 25379?
False
Is 11 a factor of 16519?
False
Does 23 divide 1543879?
False
Is 176823 a multiple of 27?
True
Is 260 a factor of 3264040?
True
Is 367419 a multiple of 90?
False
Is 32 a factor of 76858?
False
Is 603 a factor of 23697?
False
Is 29 a factor of 215238?
True
Is 222846 a multiple of 13?
True
Is 124519 a multiple of 367?
False
Does 4 divide 217960?
True
Is 973968 a multiple of 80?
False
Is 471053 a multiple of 70?
False
Is 3 a factor of 142764?
True
Is 318 a factor of 93810?
True
Is 71 a factor of 2500082?
False
Does 171 divide 73454?
False
Is 91456 a multiple of 16?
True
Is 11 a factor of 13530?
True
Is 213 a factor of 36311?
False
Is 216349 a multiple of 22?
False
Does 54 divide 104706?
True
Is 546862 a multiple of 127?
True
Does 200 divide 2634400?
True
Is 640152 a multiple of 18?
True
Is 260 a factor of 173523?
False
Is 17358 a multiple of 22?
True
Does 10 divide 251433?
False
Does 48 divide 149280?
True
Is 162 a factor of 1625670?
True
Does 18 divide 2084444?
False
Does 8 divide 447512?
True
Is 86801 a multiple of 158?
False
Is 30 a factor of 1443164?
False
Is 29180 a multiple of 10?
True
Is 1343228 a multiple of 6?
False
Does 16 divide 75039?
False
Is 67 a factor of 1172366?
True
Is 4 a factor of 350221?
False
Is 63 a factor of 8174880?
True
Is 14 a factor of 3469983?
False
Is 5340796 a multiple of 11?
False
Is 3873792 a multiple of 48?
True
Is 1454430 a multiple of 15?
True
Does 21 divide 163779?
True
Is 2465782 a multiple of 34?
True
Does 183 divide 264447?
False
Is 317991 a multiple of 471?
False
Is 16 a factor of 246320?
True
Does 186 divide 283464?
True
Does 16 divide 69888?
True
Is 788730 a multiple of 15?
True
Is 334320 a multiple of 398?
True
Does 23 divide 125212?
True
Is 108 a factor of 777258?
False
Is 305 a factor of 570350?
True
Is 19 a factor of 146300?
True
Is 1856 a multiple of 8?
True
Is 61729 a multiple of 12?
False
Is 279400 a multiple of 254?
True
Does 2 divide 232?
True
Does 215 divide 226395?
True
Is 12 a factor of 3288324?
True
Is 15 a factor of 3500632?
False
Is 16 a factor of 477248?
True
Does 3 divide 27126?
True
Is 291516 a multiple of 32?
False
Is 4 a factor of 7327588?
True
Is 630 a factor of 673470?
True
Is 17 a factor of 57290?
True
Is 2282604 a multiple of 318?
True
Is 3 a factor of 85809?
True
Does 22 divide 1216138?
True
Is 555136 a multiple of 64?
True
Does 268 divide 10478312?
False
Does 112 divide 776384?
True
Does 136 divide 340000?
True
Is 144 a factor of 116496?
True
Does 145 divide 46949?
False
Is 866 a factor of 1426302?
True
Is 73 a factor of 223069?
False
Does 1918 divide 13109530?
True
Is 2 a factor of 103264?
True
Is 419 a factor of 182962?
False
Is 1331 a factor of 4697099?
True
Does 52 divide 71700?
False
Does 540 divide 435240?
True
Is 90 a factor of 164870?
False
Does 24 divide 459162?
False
Does 9 divide 7296552?
True
Is 16 a factor of 51055?
False
Does 9 divide 250830?
True
Is 998566 a multiple of 113?
False
Is 96600 a multiple of 184?
True
Does 209 divide 1242923?
True
Is 9735798 a multiple of 17?
True
Does 6 divide 57517?
False
Is 117900 a multiple of 150?
True
Does 2 divide 117110?
True
Is 968552 a multiple of 67?
True
Does 11 divide 138864?
True
Is 192 a factor of 5244957?
False
Is 13996071 a multiple of 6?
False
Does 34 divide 2061431?
False
Is 167404 a multiple of 15?
False
Is 168 a factor of 1438584?
True
Is 1584370 a multiple of 9?
False
Is 62 a factor of 198056?
False
Is 420896 a multiple of 224?
True
Is 158156 a multiple of 37?
False
Is 161 a factor of 1191701?
False
Does 14 divide 4298322?
True
Does 19 divide 4902?
True
Is 2806540 a multiple of 16?
False
Does 73 divide 282264?
False
Is 113 a factor of 4659?
False
Does 226 divide 156166?
True
Is 176548 a multiple of 155?
False
Is 344 a factor of 18625244?
False
Is 86 a factor of 336174?
True
Is 5631296 a multiple of 8?
True
Does 2 divide 332554?
True
Is 2015 a multiple of 6?
False
Does 41 divide 5465774?
False
Is 134 a factor of 333124?
True
Does 41 divide 8223914?
False
Is 150 a factor of 139928?
False
Does 17 divide 30534104?
False
Is 3961008 a multiple of 584?
False
Is 6558357 a multiple of 11?
False
Does 522 divide 12844332?
True
Does 69 divide 16508754?
False
Does 764 divide 9389560?
True
Is 36972 a multiple of 2?
True
Does 67 divide 818481?
False
Is 51823 a multiple of 45?
False
Is 511482 a multiple of 6?
True
Does 3 divide 22005?
True
Does 846 divide 14055730?
False
Does 3096 divide 16410189?
False
Is 38 a factor of 208278?
True
Does 935 divide 16061002?
False
Is 57 a factor of 163195?
False
Is 337 a factor of 1681784?
False
Is 18342662 a multiple of 82?
True
Is 64 a factor of 508267?
False
Is 413092 a multiple of 244?
True
Is 369 a factor of 1493343?
True
Is 109311 even?
False
Is 150025 a multiple of 25?
True
Is 157 a factor of 131095?
True
Does 1587 divide 566676?
False
Does 24 divide 278856?
True
Does 56 divide 7269002?
False
Is 3 a factor of 5014361?
False
Does 2 divide 36429?
False
Is 13 a factor of 139547?
False
Does 18 divide 135864?
True
Does 99 divide 148305?
False
Is 6302692 a multiple of 11?
True
Is 529 a factor of 1900697?
True
Is 140 a factor of 9209?
False
Is 1024 a factor of 1384448?
True
Does 188 divide 2000508?
True
Does 177 divide 194169?
True
Does 12 divide 177770?
False
Is 5962476 a multiple of 12?
True
Is 29 a factor of 6902?
True
Is 8 a factor of 266758?
False
Is 148 a factor of 9494663?
False
Does 157 divide 481048?
True
Does 23 divide 635283?
True
Is 53781 a multiple of 39?
True
Is 86910 a multiple of 6?
True
Is 303342 a multiple of 26?
True
Is 11 a factor of 55858?
True
Is 36778209 a multiple of 13?
True
Is 6443851 a multiple of 300?
False
Does 109 divide 830471?
True
Is 9 a factor of 8512704?
True
Is 5817130 a multiple of 200?
False
Is 1945165 a multiple of 691?
True
Is 59 a factor of 57525?
True
Does 593 divide 767935?
True
Is 720786 a multiple of 489?
True
Is 209529 a multiple of 9?
True
Is 51 a factor of 13079817?
True
Does 111 divide 101349?
False
Does 70 divide 992460?
True
Does 17 divide 75871?
True
Is 129 a factor of 2864316?
True
Does 4 divide 102487?
False
Does 18 divide 73856?
False
Does 3 divide 45856?
False
Is 12 a factor of 2512884?
True
Does 10 divide 1750?
True
Does 16 divide 2206432?
True
Is 30716721 a multiple of 1467?
False
Is 22 a factor of 8046?
False
Is 4693383 a multiple of 27?
True
Is 200 a factor of 100800?
True
Is 4823490 a multiple of 21?
True
Does 32 divide 4506113?
False
Does 19 divide 5382?
False
Does 180 divide 664560?
True
Is 14 a factor of 868?
True
Is 148414 a multiple of 33?
False
Is 6007868 a multiple of 901?
True
Does 3 divide 863571?
True
Is 3755434 a multiple of 36?
False
Is 73 a factor of 92637?
True
Is 54 a factor of 69679?
False
Is 106629 a multiple of 37?
False
Does 44 divide 363462?
False
Does 1645 divide 19887779?
False
Is 25949 a multiple of 2?
False
Is 1